{"id":2706,"date":"2014-04-28T16:40:06","date_gmt":"2014-04-28T16:40:06","guid":{"rendered":"http:\/\/chevauxliffre.free.fr\/?page_id=2706"},"modified":"2019-11-25T15:33:40","modified_gmt":"2019-11-25T14:33:40","slug":"nos-installations","status":"publish","type":"page","link":"https:\/\/www.associationfiersacheval.fr\/index.php\/nos-installations\/","title":{"rendered":"Nos installations"},"content":{"rendered":"<h4 style=\"text-align: left;\">L&rsquo;association Fiers \u00e0 Cheval dispose :<\/h4>\n<p>&nbsp;<\/p>\n<h5>D&rsquo;une carri\u00e8re 22 par 40 m\u00e8tres, avec cl\u00f4ture fixe<\/h5>\n<p>Le sol est constitu\u00e9 d&rsquo;une coucher de 12cm de poussi\u00e8re d&rsquo;ardoise et d&rsquo;une surcouche de 3 cm de de paillettes d\u2019ardoise (grain plus gros), ce qui lui permet de garder une bonne souplesse et un bon drainage, quelle que soit la saison.<br \/>\nDe plus, des buttes sur 2 de ses c\u00f4t\u00e9s permettant que l\u2019eau y rentre tr\u00e8s peu et surtout ne s\u2019y installe pas.<br \/>\nLa carri\u00e8re dispose aussi d\u2019obstacles et de plots pour r\u00e9aliser de nombreux exercices.<\/p>\n<div id='gallery-1' class='gallery galleryid-2706 gallery-columns-4 gallery-size-thumbnail'><figure class='gallery-item'>\n\t\t\t<div class='gallery-icon landscape'>\n\t\t\t\t<a href='https:\/\/www.associationfiersacheval.fr\/wp-content\/uploads\/2014\/04\/IMG_5678.jpg'><img loading=\"lazy\" decoding=\"async\" width=\"150\" height=\"150\" src=\"https:\/\/www.associationfiersacheval.fr\/wp-content\/uploads\/2014\/04\/IMG_5678-150x150.jpg\" class=\"attachment-thumbnail size-thumbnail\" alt=\"\" \/><\/a>\n\t\t\t<\/div><\/figure><figure class='gallery-item'>\n\t\t\t<div class='gallery-icon landscape'>\n\t\t\t\t<a href='https:\/\/www.associationfiersacheval.fr\/wp-content\/uploads\/2014\/04\/IMG_5681.jpg'><img loading=\"lazy\" decoding=\"async\" width=\"150\" height=\"150\" src=\"https:\/\/www.associationfiersacheval.fr\/wp-content\/uploads\/2014\/04\/IMG_5681-150x150.jpg\" class=\"attachment-thumbnail size-thumbnail\" alt=\"\" \/><\/a>\n\t\t\t<\/div><\/figure><figure class='gallery-item'>\n\t\t\t<div class='gallery-icon landscape'>\n\t\t\t\t<a href='https:\/\/www.associationfiersacheval.fr\/wp-content\/uploads\/2014\/04\/IMG_5691.jpg'><img loading=\"lazy\" decoding=\"async\" width=\"150\" height=\"150\" src=\"https:\/\/www.associationfiersacheval.fr\/wp-content\/uploads\/2014\/04\/IMG_5691-150x150.jpg\" class=\"attachment-thumbnail size-thumbnail\" alt=\"\" \/><\/a>\n\t\t\t<\/div><\/figure><figure class='gallery-item'>\n\t\t\t<div class='gallery-icon landscape'>\n\t\t\t\t<a href='https:\/\/www.associationfiersacheval.fr\/wp-content\/uploads\/2014\/04\/IMG_2095.jpg'><img loading=\"lazy\" decoding=\"async\" width=\"150\" height=\"150\" src=\"https:\/\/www.associationfiersacheval.fr\/wp-content\/uploads\/2014\/04\/IMG_2095-150x150.jpg\" class=\"attachment-thumbnail size-thumbnail\" alt=\"\" \/><\/a>\n\t\t\t<\/div><\/figure>\n\t\t<\/div>\n\n<p>&nbsp;<\/p>\n<h5>D&rsquo;une sellerie d&rsquo;environ 20m\u00b2<\/h5>\n<p>D\u00e9di\u00e9e aux \u00e9quipements des chevaux et des cavaliers.<\/p>\n<div id='gallery-2' class='gallery galleryid-2706 gallery-columns-4 gallery-size-thumbnail'><figure class='gallery-item'>\n\t\t\t<div class='gallery-icon landscape'>\n\t\t\t\t<a href='https:\/\/www.associationfiersacheval.fr\/wp-content\/uploads\/2014\/04\/IMG_8589.jpg'><img loading=\"lazy\" decoding=\"async\" width=\"150\" height=\"150\" src=\"https:\/\/www.associationfiersacheval.fr\/wp-content\/uploads\/2014\/04\/IMG_8589-150x150.jpg\" class=\"attachment-thumbnail size-thumbnail\" alt=\"\" \/><\/a>\n\t\t\t<\/div><\/figure><figure class='gallery-item'>\n\t\t\t<div class='gallery-icon landscape'>\n\t\t\t\t<a href='https:\/\/www.associationfiersacheval.fr\/wp-content\/uploads\/2014\/04\/IMG_8581.jpg'><img loading=\"lazy\" decoding=\"async\" width=\"150\" height=\"150\" src=\"https:\/\/www.associationfiersacheval.fr\/wp-content\/uploads\/2014\/04\/IMG_8581-150x150.jpg\" class=\"attachment-thumbnail size-thumbnail\" alt=\"\" \/><\/a>\n\t\t\t<\/div><\/figure><figure class='gallery-item'>\n\t\t\t<div class='gallery-icon landscape'>\n\t\t\t\t<a href='https:\/\/www.associationfiersacheval.fr\/wp-content\/uploads\/2014\/04\/IMG_8584.jpg'><img loading=\"lazy\" decoding=\"async\" width=\"150\" height=\"150\" src=\"https:\/\/www.associationfiersacheval.fr\/wp-content\/uploads\/2014\/04\/IMG_8584-150x150.jpg\" class=\"attachment-thumbnail size-thumbnail\" alt=\"\" \/><\/a>\n\t\t\t<\/div><\/figure><figure class='gallery-item'>\n\t\t\t<div class='gallery-icon landscape'>\n\t\t\t\t<a href='https:\/\/www.associationfiersacheval.fr\/wp-content\/uploads\/2014\/04\/IMG_8588.jpg'><img loading=\"lazy\" decoding=\"async\" width=\"150\" height=\"150\" src=\"https:\/\/www.associationfiersacheval.fr\/wp-content\/uploads\/2014\/04\/IMG_8588-150x150.jpg\" class=\"attachment-thumbnail size-thumbnail\" alt=\"\" \/><\/a>\n\t\t\t<\/div><\/figure>\n\t\t<\/div>\n\n<h5>D&rsquo;une \u00ab\u00a0grannulerie\u00a0\u00bb<\/h5>\n<p>Qui sert au stockage des aliments des chevaux ainsi qu\u2019aux mat\u00e9riels d\u2019entretien (piquets, fil, outils etc\u2026).<\/p>\n<p>&nbsp;<\/p>\n<h5>D&rsquo;un appentis couvert<\/h5>\n<p>Pour pouvoir r\u00e9aliser les soins de son cheval au sec l&rsquo;hiver, ou seller et desceller \u00e0 l\u2019abri pendant une averse, une avanc\u00e9e ouverte est accol\u00e9e \u00e0 la cabane.<\/p>\n<p><a href=\"https:\/\/www.associationfiersacheval.fr\/wp-content\/uploads\/2014\/04\/Avancee.jpg\"><img loading=\"lazy\" decoding=\"async\" class=\"alignnone size-medium wp-image-8739\" src=\"https:\/\/www.associationfiersacheval.fr\/wp-content\/uploads\/2014\/04\/Avancee-225x300.jpg\" alt=\"avancee\" width=\"225\" height=\"300\" srcset=\"https:\/\/www.associationfiersacheval.fr\/wp-content\/uploads\/2014\/04\/Avancee-225x300.jpg 225w, https:\/\/www.associationfiersacheval.fr\/wp-content\/uploads\/2014\/04\/Avancee-768x1024.jpg 768w, https:\/\/www.associationfiersacheval.fr\/wp-content\/uploads\/2014\/04\/Avancee-230x307.jpg 230w, https:\/\/www.associationfiersacheval.fr\/wp-content\/uploads\/2014\/04\/Avancee-350x467.jpg 350w, https:\/\/www.associationfiersacheval.fr\/wp-content\/uploads\/2014\/04\/Avancee.jpg 810w\" sizes=\"auto, (max-width: 225px) 100vw, 225px\" \/><\/a><\/p>\n<h5>D&rsquo;une air de pansage en b\u00e9ton<\/h5>\n<p>Pour pouvoir s&rsquo;occuper de son cheval, les pieds au sec : des dalles en b\u00e9ton caillebotis ont \u00e9t\u00e9 install\u00e9, ainsi que 2 barres d&rsquo;attache en demi rondin, tr\u00e8s pratique pour poser les selles et les couvertures.<\/p>\n<p>&nbsp;<\/p>\n<h5>D&rsquo;une aire de douche<\/h5>\n<p>Pour doucher son cheval dans un endroit sec et stable\u00a0: des dalles de bois ont \u00e9t\u00e9 install\u00e9es un peu \u00e0 l\u2019\u00e9cart des aires de pansage.<\/p>\n<p>&nbsp;<\/p>\n<h5>D&rsquo;une dalle stabilis\u00e9e de 100m\u00b2 dans le pr\u00e9 d&rsquo;hiver<\/h5>\n<p>Pour que les chevaux gardent les pieds sec tout l&rsquo;hiver, une dalle b\u00e9ton r\u00e9alis\u00e9e avec 80 callebotis de 2,25m par 0,50m, a \u00e9t\u00e9 install\u00e9e \u00e0 l&rsquo;automne 2015. Les chevaux pourront ainsi naviguer sur leur aire stabilis\u00e9e tout l&rsquo;hiver sans s&rsquo;y bousculer.<\/p>\n<div id='gallery-3' class='gallery galleryid-2706 gallery-columns-4 gallery-size-thumbnail'><figure class='gallery-item'>\n\t\t\t<div class='gallery-icon landscape'>\n\t\t\t\t<a href='https:\/\/www.associationfiersacheval.fr\/wp-content\/uploads\/2014\/04\/IMG_2620.jpg'><img loading=\"lazy\" decoding=\"async\" width=\"150\" height=\"150\" src=\"https:\/\/www.associationfiersacheval.fr\/wp-content\/uploads\/2014\/04\/IMG_2620-150x150.jpg\" class=\"attachment-thumbnail size-thumbnail\" alt=\"\" \/><\/a>\n\t\t\t<\/div><\/figure><figure class='gallery-item'>\n\t\t\t<div class='gallery-icon landscape'>\n\t\t\t\t<a href='https:\/\/www.associationfiersacheval.fr\/wp-content\/uploads\/2014\/04\/IMG_2625.jpg'><img loading=\"lazy\" decoding=\"async\" width=\"150\" height=\"150\" src=\"https:\/\/www.associationfiersacheval.fr\/wp-content\/uploads\/2014\/04\/IMG_2625-150x150.jpg\" class=\"attachment-thumbnail size-thumbnail\" alt=\"\" \/><\/a>\n\t\t\t<\/div><\/figure><figure class='gallery-item'>\n\t\t\t<div class='gallery-icon landscape'>\n\t\t\t\t<a href='https:\/\/www.associationfiersacheval.fr\/wp-content\/uploads\/2014\/04\/IMG_2626.jpg'><img loading=\"lazy\" decoding=\"async\" width=\"150\" height=\"150\" src=\"https:\/\/www.associationfiersacheval.fr\/wp-content\/uploads\/2014\/04\/IMG_2626-150x150.jpg\" class=\"attachment-thumbnail size-thumbnail\" alt=\"\" \/><\/a>\n\t\t\t<\/div><\/figure><figure class='gallery-item'>\n\t\t\t<div class='gallery-icon landscape'>\n\t\t\t\t<a href='https:\/\/www.associationfiersacheval.fr\/wp-content\/uploads\/2014\/04\/IMG_2642.jpg'><img loading=\"lazy\" decoding=\"async\" width=\"150\" height=\"150\" src=\"https:\/\/www.associationfiersacheval.fr\/wp-content\/uploads\/2014\/04\/IMG_2642-150x150.jpg\" class=\"attachment-thumbnail size-thumbnail\" alt=\"\" \/><\/a>\n\t\t\t<\/div><\/figure>\n\t\t<\/div>\n\n<p>&nbsp;<\/p>\n<h5>De grands pr\u00e9s et de paddocks<\/h5>\n<p>Parce que chaque \u00e9quid\u00e9 a des besoins diff\u00e9rents, nous proposons de grands espaces verts et bois\u00e9s, allant jusqu\u2019\u00e0 2 hectares sans cl\u00f4tures int\u00e9rieures.<br \/>\nNous disposons \u00e9galement de paddocks plus petits pour isoler un \u00e9quid\u00e9 de fa\u00e7on temporaire, si besoin, ou pour faire des petits groupes si une mauvaise entente dans le troupeau le n\u00e9cessitait.<\/p>\n<div id='gallery-4' class='gallery galleryid-2706 gallery-columns-4 gallery-size-thumbnail'><figure class='gallery-item'>\n\t\t\t<div class='gallery-icon landscape'>\n\t\t\t\t<a href='https:\/\/www.associationfiersacheval.fr\/wp-content\/uploads\/2014\/04\/DSC_00641.jpg'><img loading=\"lazy\" decoding=\"async\" width=\"150\" height=\"150\" src=\"https:\/\/www.associationfiersacheval.fr\/wp-content\/uploads\/2014\/04\/DSC_00641-150x150.jpg\" class=\"attachment-thumbnail size-thumbnail\" alt=\"\" \/><\/a>\n\t\t\t<\/div><\/figure><figure class='gallery-item'>\n\t\t\t<div class='gallery-icon landscape'>\n\t\t\t\t<a href='https:\/\/www.associationfiersacheval.fr\/wp-content\/uploads\/2014\/04\/IMG_1030.jpg'><img loading=\"lazy\" decoding=\"async\" width=\"150\" height=\"150\" src=\"https:\/\/www.associationfiersacheval.fr\/wp-content\/uploads\/2014\/04\/IMG_1030-150x150.jpg\" class=\"attachment-thumbnail size-thumbnail\" alt=\"\" \/><\/a>\n\t\t\t<\/div><\/figure><figure class='gallery-item'>\n\t\t\t<div class='gallery-icon landscape'>\n\t\t\t\t<a href='https:\/\/www.associationfiersacheval.fr\/wp-content\/uploads\/2014\/04\/dsc0462xs.jpg'><img loading=\"lazy\" decoding=\"async\" width=\"150\" height=\"150\" src=\"https:\/\/www.associationfiersacheval.fr\/wp-content\/uploads\/2014\/04\/dsc0462xs-150x150.jpg\" class=\"attachment-thumbnail size-thumbnail\" alt=\"\" \/><\/a>\n\t\t\t<\/div><\/figure><figure class='gallery-item'>\n\t\t\t<div class='gallery-icon landscape'>\n\t\t\t\t<a href='https:\/\/www.associationfiersacheval.fr\/wp-content\/uploads\/2014\/04\/IMG_1862.jpg'><img loading=\"lazy\" decoding=\"async\" width=\"150\" height=\"150\" src=\"https:\/\/www.associationfiersacheval.fr\/wp-content\/uploads\/2014\/04\/IMG_1862-150x150.jpg\" class=\"attachment-thumbnail size-thumbnail\" alt=\"\" \/><\/a>\n\t\t\t<\/div><\/figure>\n\t\t<\/div>\n\n","protected":false},"excerpt":{"rendered":"<p>L&rsquo;association Fiers \u00e0 Cheval dispose : &nbsp; D&rsquo;une carri\u00e8re 22 par 40 m\u00e8tres, avec cl\u00f4ture fixe Le sol est constitu\u00e9 d&rsquo;une coucher [&hellip;]<\/p>\n","protected":false},"author":71,"featured_media":0,"parent":0,"menu_order":2,"comment_status":"closed","ping_status":"closed","template":"","meta":{"footnotes":""},"class_list":["post-2706","page","type-page","status-publish","hentry"],"_links":{"self":[{"href":"https:\/\/www.associationfiersacheval.fr\/index.php\/wp-json\/wp\/v2\/pages\/2706","targetHints":{"allow":["GET"]}}],"collection":[{"href":"https:\/\/www.associationfiersacheval.fr\/index.php\/wp-json\/wp\/v2\/pages"}],"about":[{"href":"https:\/\/www.associationfiersacheval.fr\/index.php\/wp-json\/wp\/v2\/types\/page"}],"author":[{"embeddable":true,"href":"https:\/\/www.associationfiersacheval.fr\/index.php\/wp-json\/wp\/v2\/users\/71"}],"replies":[{"embeddable":true,"href":"https:\/\/www.associationfiersacheval.fr\/index.php\/wp-json\/wp\/v2\/comments?post=2706"}],"version-history":[{"count":26,"href":"https:\/\/www.associationfiersacheval.fr\/index.php\/wp-json\/wp\/v2\/pages\/2706\/revisions"}],"predecessor-version":[{"id":8742,"href":"https:\/\/www.associationfiersacheval.fr\/index.php\/wp-json\/wp\/v2\/pages\/2706\/revisions\/8742"}],"wp:attachment":[{"href":"https:\/\/www.associationfiersacheval.fr\/index.php\/wp-json\/wp\/v2\/media?parent=2706"}],"curies":[{"name":"wp","href":"https:\/\/api.w.org\/{rel}","templated":true}]}}