{"id":2688,"date":"2014-04-28T16:17:36","date_gmt":"2014-04-28T16:17:36","guid":{"rendered":"http:\/\/chevauxliffre.free.fr\/?page_id=2688"},"modified":"2019-11-25T15:37:00","modified_gmt":"2019-11-25T14:37:00","slug":"nos-prestations","status":"publish","type":"page","link":"https:\/\/www.associationfiersacheval.fr\/index.php\/nos-prestations\/","title":{"rendered":"Nos prestations"},"content":{"rendered":"<h4><strong>L&rsquo;association Fiers \u00e0 Cheval propose principalement :<\/strong><\/h4>\n<p>&nbsp;<\/p>\n<h5>Une pension aux pr\u00e9s en troupeau, avec eau courante et foin \u00e0 volont\u00e9 l&rsquo;hiver<\/h5>\n<p>L&rsquo;association demande \u00e0 chaque propri\u00e9taire d&rsquo;\u00e9quid\u00e9 de s&rsquo;investir dans l&rsquo;association.<br \/>\nAinsi un passage par semaine sera effectu\u00e9 par chaque membre associ\u00e9 afin de s&rsquo;assurer que le troupeau va bien, de remettre de l&rsquo;eau dans les bacs et de distribuer le foin l&rsquo;hiver.<br \/>\nUne journ\u00e9e travaux par mois sur 6 mois de l&rsquo;ann\u00e9e sera \u00e9galement demand\u00e9 \u00e0 chaque propri\u00e9taire afin d&rsquo;entretenir les terrains et d&rsquo;am\u00e9liorer les installations.<\/p>\n<div id='gallery-1' class='gallery galleryid-2688 gallery-columns-4 gallery-size-thumbnail'><figure class='gallery-item'>\n\t\t\t<div class='gallery-icon landscape'>\n\t\t\t\t<a href='https:\/\/www.associationfiersacheval.fr\/wp-content\/uploads\/2014\/04\/1379915_10201584165438464_729427623_n.jpg'><img loading=\"lazy\" decoding=\"async\" width=\"150\" height=\"150\" src=\"https:\/\/www.associationfiersacheval.fr\/wp-content\/uploads\/2014\/04\/1379915_10201584165438464_729427623_n-150x150.jpg\" class=\"attachment-thumbnail size-thumbnail\" alt=\"\" srcset=\"https:\/\/www.associationfiersacheval.fr\/wp-content\/uploads\/2014\/04\/1379915_10201584165438464_729427623_n-150x150.jpg 150w, https:\/\/www.associationfiersacheval.fr\/wp-content\/uploads\/2014\/04\/1379915_10201584165438464_729427623_n-300x300.jpg 300w, https:\/\/www.associationfiersacheval.fr\/wp-content\/uploads\/2014\/04\/1379915_10201584165438464_729427623_n-830x830.jpg 830w, https:\/\/www.associationfiersacheval.fr\/wp-content\/uploads\/2014\/04\/1379915_10201584165438464_729427623_n-230x230.jpg 230w, https:\/\/www.associationfiersacheval.fr\/wp-content\/uploads\/2014\/04\/1379915_10201584165438464_729427623_n-350x350.jpg 350w, https:\/\/www.associationfiersacheval.fr\/wp-content\/uploads\/2014\/04\/1379915_10201584165438464_729427623_n.jpg 960w\" sizes=\"auto, (max-width: 150px) 100vw, 150px\" \/><\/a>\n\t\t\t<\/div><\/figure><figure class='gallery-item'>\n\t\t\t<div class='gallery-icon landscape'>\n\t\t\t\t<a href='https:\/\/www.associationfiersacheval.fr\/wp-content\/uploads\/2014\/04\/FOTA2AC.jpg'><img loading=\"lazy\" decoding=\"async\" width=\"150\" height=\"150\" src=\"https:\/\/www.associationfiersacheval.fr\/wp-content\/uploads\/2014\/04\/FOTA2AC-150x150.jpg\" class=\"attachment-thumbnail size-thumbnail\" alt=\"\" \/><\/a>\n\t\t\t<\/div><\/figure><figure class='gallery-item'>\n\t\t\t<div class='gallery-icon landscape'>\n\t\t\t\t<a href='https:\/\/www.associationfiersacheval.fr\/wp-content\/uploads\/2014\/04\/dsc0461x.jpg'><img loading=\"lazy\" decoding=\"async\" width=\"150\" height=\"150\" src=\"https:\/\/www.associationfiersacheval.fr\/wp-content\/uploads\/2014\/04\/dsc0461x-150x150.jpg\" class=\"attachment-thumbnail size-thumbnail\" alt=\"\" \/><\/a>\n\t\t\t<\/div><\/figure><figure class='gallery-item'>\n\t\t\t<div class='gallery-icon landscape'>\n\t\t\t\t<a href='https:\/\/www.associationfiersacheval.fr\/wp-content\/uploads\/2014\/04\/DSC_0577.jpg'><img loading=\"lazy\" decoding=\"async\" width=\"150\" height=\"150\" src=\"https:\/\/www.associationfiersacheval.fr\/wp-content\/uploads\/2014\/04\/DSC_0577-150x150.jpg\" class=\"attachment-thumbnail size-thumbnail\" alt=\"\" \/><\/a>\n\t\t\t<\/div><\/figure>\n\t\t<\/div>\n\n<p>&nbsp;<\/p>\n<h4><strong>Mais l&rsquo;association propose \u00e9galement :<\/strong><\/h4>\n<p>&nbsp;<\/p>\n<h5>Une pension de passage<\/h5>\n<p>Pour les cavaliers qui souhaiteraient profiter de la foret de Liffr\u00e9 durant une courte p\u00e9riode (maximum 2 semaines en fonction de l&rsquo;\u00e9tat des p\u00e2tures).<br \/>\nDans ce cas les propri\u00e9taires ne sont pas engag\u00e9 dans l&rsquo;association, \u00e9vitant ainsi les passages obligatoires.<br \/>\nLe prix des ces s\u00e9jours est donc plus \u00e9lever qu&rsquo;une pension \u00e0 l&rsquo;ann\u00e9e.<\/p>\n<p>&nbsp;<\/p>\n<h5>Location de la carri\u00e8re<\/h5>\n<p>Des cavaliers ext\u00e9rieures peuvent louer la carri\u00e8re et ses quelques obstacles, pour cela un coup de fil \u00e0 la pr\u00e9sidente, Fanny Guillot, pour une rencontre et une pr\u00e9sentation du fonctionnement des lieux, est n\u00e9cessaire. Par la suite un SMS pour pr\u00e9venir d&rsquo;un passage au moins 24h \u00e0 l&rsquo;avance et la carri\u00e8re 22\/40 m vous sera d\u00e9di\u00e9.<\/p>\n<p>&nbsp;<\/p>\n<div id='gallery-2' class='gallery galleryid-2688 gallery-columns-4 gallery-size-thumbnail'><figure class='gallery-item'>\n\t\t\t<div class='gallery-icon landscape'>\n\t\t\t\t<a href='https:\/\/www.associationfiersacheval.fr\/wp-content\/uploads\/2014\/04\/IMG_5691.jpg'><img loading=\"lazy\" decoding=\"async\" width=\"150\" height=\"150\" src=\"https:\/\/www.associationfiersacheval.fr\/wp-content\/uploads\/2014\/04\/IMG_5691-150x150.jpg\" class=\"attachment-thumbnail size-thumbnail\" alt=\"\" \/><\/a>\n\t\t\t<\/div><\/figure><figure class='gallery-item'>\n\t\t\t<div class='gallery-icon landscape'>\n\t\t\t\t<a href='https:\/\/www.associationfiersacheval.fr\/wp-content\/uploads\/2014\/04\/IMG_5681.jpg'><img loading=\"lazy\" decoding=\"async\" width=\"150\" height=\"150\" src=\"https:\/\/www.associationfiersacheval.fr\/wp-content\/uploads\/2014\/04\/IMG_5681-150x150.jpg\" class=\"attachment-thumbnail size-thumbnail\" alt=\"\" \/><\/a>\n\t\t\t<\/div><\/figure><figure class='gallery-item'>\n\t\t\t<div class='gallery-icon landscape'>\n\t\t\t\t<a href='https:\/\/www.associationfiersacheval.fr\/wp-content\/uploads\/2014\/04\/IMG_5678.jpg'><img loading=\"lazy\" decoding=\"async\" width=\"150\" height=\"150\" src=\"https:\/\/www.associationfiersacheval.fr\/wp-content\/uploads\/2014\/04\/IMG_5678-150x150.jpg\" class=\"attachment-thumbnail size-thumbnail\" alt=\"\" \/><\/a>\n\t\t\t<\/div><\/figure><figure class='gallery-item'>\n\t\t\t<div class='gallery-icon landscape'>\n\t\t\t\t<a href='https:\/\/www.associationfiersacheval.fr\/wp-content\/uploads\/2014\/04\/obstacle.jpg'><img loading=\"lazy\" decoding=\"async\" width=\"150\" height=\"150\" src=\"https:\/\/www.associationfiersacheval.fr\/wp-content\/uploads\/2014\/04\/obstacle-150x150.jpg\" class=\"attachment-thumbnail size-thumbnail\" alt=\"\" \/><\/a>\n\t\t\t<\/div><\/figure>\n\t\t<\/div>\n\n","protected":false},"excerpt":{"rendered":"<p>L&rsquo;association Fiers \u00e0 Cheval propose principalement : &nbsp; Une pension aux pr\u00e9s en troupeau, avec eau courante et foin \u00e0 volont\u00e9 l&rsquo;hiver [&hellip;]<\/p>\n","protected":false},"author":71,"featured_media":0,"parent":0,"menu_order":3,"comment_status":"closed","ping_status":"closed","template":"","meta":{"footnotes":""},"class_list":["post-2688","page","type-page","status-publish","hentry"],"_links":{"self":[{"href":"https:\/\/www.associationfiersacheval.fr\/index.php\/wp-json\/wp\/v2\/pages\/2688","targetHints":{"allow":["GET"]}}],"collection":[{"href":"https:\/\/www.associationfiersacheval.fr\/index.php\/wp-json\/wp\/v2\/pages"}],"about":[{"href":"https:\/\/www.associationfiersacheval.fr\/index.php\/wp-json\/wp\/v2\/types\/page"}],"author":[{"embeddable":true,"href":"https:\/\/www.associationfiersacheval.fr\/index.php\/wp-json\/wp\/v2\/users\/71"}],"replies":[{"embeddable":true,"href":"https:\/\/www.associationfiersacheval.fr\/index.php\/wp-json\/wp\/v2\/comments?post=2688"}],"version-history":[{"count":8,"href":"https:\/\/www.associationfiersacheval.fr\/index.php\/wp-json\/wp\/v2\/pages\/2688\/revisions"}],"predecessor-version":[{"id":8744,"href":"https:\/\/www.associationfiersacheval.fr\/index.php\/wp-json\/wp\/v2\/pages\/2688\/revisions\/8744"}],"wp:attachment":[{"href":"https:\/\/www.associationfiersacheval.fr\/index.php\/wp-json\/wp\/v2\/media?parent=2688"}],"curies":[{"name":"wp","href":"https:\/\/api.w.org\/{rel}","templated":true}]}}