{"id":257,"date":"2011-11-02T23:54:55","date_gmt":"2011-11-02T22:54:55","guid":{"rendered":"http:\/\/chevauxliffre.free.fr\/?page_id=257"},"modified":"2016-12-08T09:29:20","modified_gmt":"2016-12-08T08:29:20","slug":"contact","status":"publish","type":"page","link":"https:\/\/www.associationfiersacheval.fr\/index.php\/contact\/","title":{"rendered":"Contact"},"content":{"rendered":"<h4><strong>Pour toutes informations<\/strong><\/h4>\n<p>Contactez l&rsquo;association Fiers \u00e0 Cheval sur : <a href=\"mailto:association.fiersacheval@gmail.com\">association.fiersacheval@gmail.com<\/a><br \/>\nPar t\u00e9l\u00e9phone sur le num\u00e9ro de la pr\u00e9sidente Fanny Guillot au 06.30.45.30.77<br \/>\nOu via notre page Facebook :\u00a0<a href=\"https:\/\/www.facebook.com\/fiersacheval\" target=\"_blank\">https:\/\/www.facebook.com\/fiersacheval<\/a><\/p>\n<p>&nbsp;<\/p>\n<p>&nbsp;<br \/>\n<a href=\"http:\/\/www.pension-chevaux.com\/index.php?ref=19491\"><img loading=\"lazy\" decoding=\"async\" src=\"http:\/\/www.pension-chevaux.com\/images\/BanStd.gif\" width=\"468\" height=\"60\" border=\"0\"><\/a><\/p>\n<h4><\/h4>\n","protected":false},"excerpt":{"rendered":"<p>Pour toutes informations Contactez l&rsquo;association Fiers \u00e0 Cheval sur : association.fiersacheval@gmail.com Par t\u00e9l\u00e9phone sur le num\u00e9ro de la pr\u00e9sidente Fanny Guillot au [&hellip;]<\/p>\n","protected":false},"author":71,"featured_media":0,"parent":0,"menu_order":9,"comment_status":"closed","ping_status":"closed","template":"","meta":{"footnotes":""},"class_list":["post-257","page","type-page","status-publish","hentry"],"_links":{"self":[{"href":"https:\/\/www.associationfiersacheval.fr\/index.php\/wp-json\/wp\/v2\/pages\/257","targetHints":{"allow":["GET"]}}],"collection":[{"href":"https:\/\/www.associationfiersacheval.fr\/index.php\/wp-json\/wp\/v2\/pages"}],"about":[{"href":"https:\/\/www.associationfiersacheval.fr\/index.php\/wp-json\/wp\/v2\/types\/page"}],"author":[{"embeddable":true,"href":"https:\/\/www.associationfiersacheval.fr\/index.php\/wp-json\/wp\/v2\/users\/71"}],"replies":[{"embeddable":true,"href":"https:\/\/www.associationfiersacheval.fr\/index.php\/wp-json\/wp\/v2\/comments?post=257"}],"version-history":[{"count":6,"href":"https:\/\/www.associationfiersacheval.fr\/index.php\/wp-json\/wp\/v2\/pages\/257\/revisions"}],"predecessor-version":[{"id":6336,"href":"https:\/\/www.associationfiersacheval.fr\/index.php\/wp-json\/wp\/v2\/pages\/257\/revisions\/6336"}],"wp:attachment":[{"href":"https:\/\/www.associationfiersacheval.fr\/index.php\/wp-json\/wp\/v2\/media?parent=257"}],"curies":[{"name":"wp","href":"https:\/\/api.w.org\/{rel}","templated":true}]}}