{"id":1901,"date":"2013-06-24T16:18:42","date_gmt":"2013-06-24T16:18:42","guid":{"rendered":"http:\/\/chevauxliffre.free.fr\/?page_id=1901"},"modified":"2020-11-23T16:39:04","modified_gmt":"2020-11-23T15:39:04","slug":"videos","status":"publish","type":"page","link":"https:\/\/www.associationfiersacheval.fr\/index.php\/videos\/","title":{"rendered":"Vid\u00e9os"},"content":{"rendered":"<h4>Quelques vid\u00e9os de l&rsquo;association et des chevaux, pour go\u00fbter \u00e0 l\u2019ambiance.<\/h4>\n<p>&nbsp;<\/p>\n<h5>Ambiance \u00e0 l&rsquo;association<\/h5>\n<p><iframe loading=\"lazy\" src=\"\/\/www.youtube.com\/embed\/SrnvWATa4JM\" width=\"300\" height=\"150\"><\/iframe><br \/>\nMontage et prise de vue par Fanny (Pr\u00e9sidente de l&rsquo;association).<br \/>\n&nbsp;<br \/>\n&nbsp;<\/p>\n<h5>La&nbsp;transhumance<\/h5>\n<p><iframe loading=\"lazy\" src=\"\/\/www.youtube.com\/embed\/Uvu_2CHsbpQ\" width=\"300\" height=\"150\"><\/iframe><br \/>\nPrise de vue effectu\u00e9 par Mathilde (une adh\u00e9rente fid\u00e8le) et montage r\u00e9alis\u00e9 par Fanny.<br \/>\n&nbsp;<br \/>\n&nbsp;<\/p>\n<h5>Balade \u00e0 l&rsquo;\u00e9tang de Chevr\u00e9 :<\/h5>\n<p><iframe loading=\"lazy\" src=\"\/\/www.youtube.com\/embed\/a0vRQdDKNUg\" width=\"300\" height=\"150\"><\/iframe><br \/>\nAvec une Go-pro qui se balade de bombe en bombe \u00e7a donne un effet comme si on y \u00e9tait.<br \/>\nPris de vu : Mathilde et Fanny.<br \/>\nMontage : Fanny<br \/>\nMerci \u00e0 Pierre-Yves de nous avoir pr\u00eat\u00e9 sa Go-pro.<\/p>\n<p>&nbsp;<br \/>\n&nbsp;<\/p>\n<h5>Un troupeau tr\u00e8s Fiers \u00e0 Cheval<\/h5>\n<p><iframe loading=\"lazy\" src=\"http:\/\/www.youtube.com\/embed\/Gr8R6FXBHT4?rel=0\" width=\"300\" height=\"150\"><\/iframe><br \/>\nLa prise de vue et le montage de cette vid\u00e9o ont \u00e9t\u00e9 r\u00e9alis\u00e9s par une de nos anciennes adh\u00e9rentes Agathe.&nbsp;<br \/>\n&nbsp;<\/p>\n<h5>Arriv\u00e9e d&rsquo;une pouliche dans les pr\u00e9s<\/h5>\n<p><iframe loading=\"lazy\" src=\"http:\/\/www.youtube.com\/embed\/KKcZwrb8Yho?rel=0\" width=\"300\" height=\"150\"><\/iframe><br \/>\nPrise de vu : Tiphaine<\/p>\n<p>&nbsp;<br \/>\n&nbsp;<\/p>\n<h5>Libert\u00e9 avec Ugo et Fanny<\/h5>\n<p><iframe loading=\"lazy\" src=\"https:\/\/www.youtube.com\/embed\/mf68lDCg7ac\" allow=\"accelerometer; autoplay; clipboard-write; encrypted-media; gyroscope; picture-in-picture\" allowfullscreen=\"\" width=\"560\" height=\"315\" frameborder=\"0\"><\/iframe><br \/>\nPrise de vue et montage : Fanny<\/p>\n","protected":false},"excerpt":{"rendered":"<p>Quelques vid\u00e9os de l&rsquo;association et des chevaux, pour go\u00fbter \u00e0 l\u2019ambiance. &nbsp; Ambiance \u00e0 l&rsquo;association Montage et prise de vue par Fanny [&hellip;]<\/p>\n","protected":false},"author":71,"featured_media":0,"parent":0,"menu_order":4,"comment_status":"closed","ping_status":"closed","template":"","meta":{"footnotes":""},"class_list":["post-1901","page","type-page","status-publish","hentry"],"_links":{"self":[{"href":"https:\/\/www.associationfiersacheval.fr\/index.php\/wp-json\/wp\/v2\/pages\/1901","targetHints":{"allow":["GET"]}}],"collection":[{"href":"https:\/\/www.associationfiersacheval.fr\/index.php\/wp-json\/wp\/v2\/pages"}],"about":[{"href":"https:\/\/www.associationfiersacheval.fr\/index.php\/wp-json\/wp\/v2\/types\/page"}],"author":[{"embeddable":true,"href":"https:\/\/www.associationfiersacheval.fr\/index.php\/wp-json\/wp\/v2\/users\/71"}],"replies":[{"embeddable":true,"href":"https:\/\/www.associationfiersacheval.fr\/index.php\/wp-json\/wp\/v2\/comments?post=1901"}],"version-history":[{"count":30,"href":"https:\/\/www.associationfiersacheval.fr\/index.php\/wp-json\/wp\/v2\/pages\/1901\/revisions"}],"predecessor-version":[{"id":9343,"href":"https:\/\/www.associationfiersacheval.fr\/index.php\/wp-json\/wp\/v2\/pages\/1901\/revisions\/9343"}],"wp:attachment":[{"href":"https:\/\/www.associationfiersacheval.fr\/index.php\/wp-json\/wp\/v2\/media?parent=1901"}],"curies":[{"name":"wp","href":"https:\/\/api.w.org\/{rel}","templated":true}]}}